mmon divisor of q and i?
1
Suppose 0*b = -b + 56. What is the highest common factor of 8 and b?
8
Suppose -u = -3*c + 70, 0*c = -3*c - u + 62. Suppose y = 12 + c. Let o = y + -24. What is the highest common factor of o and 40?
10
Let q = 10 - 8. Suppose -q*n - 220 = -6*n. Calculate the highest common divisor of 5 and n.
5
Suppose 0 = -5*o + 38 + 2. Suppose -20 = -c - o. Calculate the greatest common factor of c and 96.
12
Let g(y) be the third derivative of 41*y**6/120 - y**5/60 + y**2. Let o be g(1). What is the highest common divisor of o and 5?
5
Suppose 0 = -4*c - 7 + 23. Let k(h) = h**3 + 6*h**2 + h - 4. Let d be k(-6). Let y be (-16)/d*80/4. What is the greatest common divisor of y and c?
4
Let o(i) = i**3 + 26*i**2 + 15*i - 34. Let b be o(-25). Calculate the highest common divisor of b and 48.
24
Suppose -15*k = -28*k + 520. Calculate the greatest common factor of 20 and k.
20
Let j be (30/4)/(1/2). Suppose -r = -5*t + 27, -t - r + j = -6*r. Let h be (t - -1)*(-1)/(-2). Calculate the highest common divisor of 21 and h.
3
Suppose 0 = -5*u + 7*u - 32. Calculate the highest common divisor of u and 176.
16
Let z(w) = w**2 - 2. Let r be z(4). Calculate the greatest common divisor of r and 42.
14
Let z(f) = -71*f**3 + f**2 + f + 2. Let r be z(-2). Let v = -407 + r. Let m = -5 - -20. Calculate the greatest common factor of m and v.
15
Let z be 25/(-4) - 5/(-20). Let b be 154*3*(-1)/z. Let h(v) = -v**2 - 7*v + 5. Let q be h(-6). Calculate the highest common factor of b and q.
11
Let p(v) = -3*v**2 - 5 + 3*v**2 + 6*v - 2*v**2 + 3*v**2. Let i be p(-7). Let z = i + 8. Calculate the highest common divisor of 15 and z.
5
Suppose 23 = 4*p + 7, -5*p = 3*x - 32. Let f be 7/(-28) - (-161)/x. What is the greatest common divisor of 5 and f?
5
Suppose 4*d + 21 = 4*f - 75, -1 = d. Calculate the greatest common divisor of 207 and f.
23
Let g(d) = 20*d**2. Let z be g(1). Calculate the greatest common divisor of 30 and z.
10
Let w(s) = -13*s - 17. Let l be w(-3). Let g = 0 + 0. Let o(i) = i**3 + i**2 + 11. Let z be o(g). Calculate the greatest common divisor of l and z.
11
Let f be (1/(-2))/(2/60). Let o = -8 - f. What is the greatest common divisor of 7 and o?
7
Suppose 0 = -2*j - c + 132, c - 67 = -3*j + 2*j. Let o = 7 + j. Suppose -2 = i + 4*k + 6, -24 = -2*i + 2*k. Calculate the highest common factor of o and i.
8
Suppose 5*d - 85 - 85 = 0. Let g be d/(-1 - (-5 + 2)). Suppose -4*k + 0*n + 80 = 3*n, -3*k - 4*n + 67 = 0. What is the greatest common factor of k and g?
17
Let z = 3 - 1. Suppose -z*d - 4*j + 5*j = -25, 31 = 2*d + j. Calculate the highest common factor of d and 14.
14
Suppose -56 = -4*f + 64. Suppose 5*i + 5*v - 235 = -0*v, -2*v = -3*i + 131. What is the greatest common factor of i and f?
15
Suppose -10 = -2*y - 0*y. Let q = 3 - y. Let x = q - -17. What is the highest common factor of x and 165?
15
Let z = 12 - 7. Suppose z*o - 4*o = -3. Let w be (o/(-6))/(1/6). What is the highest common divisor of w and 12?
3
Suppose -4*c + 40 = -32. Let b = 269 + -107. What is the highest common factor of c and b?
18
Suppose -6*x = -15*x + 1080. Suppose 3*p + 0 = 36. Calculate the highest common factor of p and x.
12
Let m(g) = g - 2. Let o be m(3). Let c(x) = 4*x**3 + 2*x**2 - x. Let a be c(o). Suppose -a*h + 5 = -0*h. What is the greatest common divisor of h and 11?
1
Let r = -85 + 86. What is the highest common divisor of 2 and r?
1
Suppose 852 = 3*m - 3*y, -4*y - 14 = 6. What is the highest common factor of m and 9?
9
Let t = 1 + 7. Let y(k) be the second derivative of -k**3/3 + k**2 - 2*k. Let r be y(-5). Calculate the greatest common divisor of t and r.
4
Let m = 411 + -187. What is the greatest common factor of 28 and m?
28
Let b(x) = -16*x**2 + 1. Let s be b(-1). Let v be (-186)/s - 6/(-10). Calculate the highest common factor of v and 26.
13
Let r be -1*1/((-2)/16). Suppose -2*f + r = 32. Let i = -7 - f. Calculate the highest common factor of i and 15.
5
Let t = 1 - -12. Let y(m) = m**2 + 9*m - 4. Let i be y(6). Suppose -69 - i = -3*b + r, 2*b = 5*r + 99. What is the greatest common divisor of t and b?
13
Suppose -5*o = -y - 38, 4 = -3*o + 4*y + 37. Let k = 4 - 0. Suppose -k*v - 14 = m - 5, -27 = -m + 5*v. What is the highest common divisor of o and m?
7
Suppose -2*n + 3 = -1. Suppose -n*y = y - 243. Let k = y + -45. What is the greatest common divisor of 18 and k?
18
Let n(m) = -m**3 + 4*m**2 + m - 2. Let g be n(4). Suppose -g*k = -0*k. Suppose f - 10 = -5*t, -5*t - 20 = -k*t. What is the greatest common divisor of f and 12?
6
Suppose 0 = -5*a + 17 + 68. Calculate the greatest common factor of 34 and a.
17
Let c be -150*(-24)/54 + 2/(-3). What is the highest common divisor of 6 and c?
6
Let a be 48/9*(-2 + 19/2). Let i = -13 - -21. Calculate the highest common divisor of i and a.
8
Suppose -27*v = -25*v - 736. Calculate the greatest common factor of v and 46.
46
Let b be 32/14 - 10/35. What is the highest common factor of 2 and b?
2
Suppose -63*x + 64*x = 9. Calculate the highest common factor of x and 36.
9
Suppose -5*m - 2*p + 18 = 0, m - p = -0*m - 2. Suppose 3*o + 4*u - 2 = 0, 4*u = -o - o + 4. Let l = m - o. What is the highest common factor of 6 and l?
2
Suppose 2*c - 6 = d, 12 = 2*c + 2*c + 4*d. Let l = c - -8. Calculate the highest common divisor of 99 and l.
11
Suppose -i - 5 = 5*w, 3*i - 5*w + 10 - 55 = 0. Let l = 79 - 56. Let j = l - i. What is the highest common factor of 104 and j?
13
Let k = -19 + 49. Calculate the greatest common divisor of k and 20.
10
Let l(p) = -p**2 - 16*p - 13. Let x be l(-11). What is the greatest common factor of 14 and x?
14
Let k(r) = r + 38. Let l be k(-17). Calculate the greatest common divisor of l and 7.
7
Let g(s) = s**3 - 13*s**2 + 9. Let r be g(13). Let m be (-790)/(-8) + 2/8. What is the highest common factor of m and r?
9
Suppose -4*h - 5*q + 60 = -3*h, 3*q + 180 = 3*h. Suppose 49 = o + 34. What is the greatest common factor of o and h?
15
Suppose 0 = 5*c - 5, t - 47 = -t + 5*c. Calculate the greatest common factor of 39 and t.
13
Suppose -18 = -5*n + 2*a, n - a + 2*a + 2 = 0. Suppose n*u + 4 = 76. What is the greatest common factor of 54 and u?
18
Suppose 0 = -35*n + 41*n - 300. Calculate the greatest common factor of n and 75.
25
Let v = -16 + 45. Let d = 98 - v. What is the greatest common divisor of d and 23?
23
Suppose 5*q = -21 + 31. Calculate the greatest common divisor of q and 1.
1
Let s(d) = d**3 + 3*d**2 + 5. Suppose 8 = 4*z + 24. Let r be s(z). Let i = 27 + r. Calculate the highest common divisor of i and 16.
16
Suppose 2*x = -3*x + 10. Let u be 3*(x - (-1)/(-1)). Suppose 0*c = -4*m + c + 129, -3*m + 5*c + 84 = 0. What is the greatest common factor of u and m?
3
Suppose 4*w + 3*x + 34 = 0, w - 2*x + 18 = 2*x. Let s(p) = -p**2 - 11*p - 8. Let g be s(w). What is the greatest common divisor of 6 and g?
2
Suppose 3*n = 4*n + 4, -3*f - 2*n = -10. Let m(v) = -v**3 + 12*v**2 - 11*v + 2. Let i be m(11). What is the highest common divisor of f and i?
2
Suppose 6 = 4*g - 10. Let b = 248 - 148. Let p be ((-8)/(-5))/(8/b). Calculate the greatest common divisor of g and p.
4
Let u(x) = -5*x + 2. Let l be u(-1). Suppose -4 = -c + 3. Calculate the highest common divisor of l and c.
7
Suppose -3*d + 63 = -5*s, -4*s - 82 = -4*d + 2. Calculate the greatest common factor of 231 and d.
21
Suppose -3*x = -5*v + 126 + 24, 0 = v + 3. Let b be (33/x)/((-2)/690). What is the highest common factor of 23 and b?
23
Let s = 101 - 97. Let n = -14 + 46. Calculate the greatest common factor of s and n.
4
Let u(x) = 23*x + 1. Let c be u(-1). Let b = c - -33. Calculate the highest common factor of b and 99.
11
Let b(n) = -5*n + 2. Let x be b(-1). What is the greatest common factor of 28 and x?
7
Let q(v) = -11*v - 77. Let m be q(-17). Suppose 4*s - 33 = s. Calculate the highest common divisor of s and m.
11
Let p be ((-77)/(-14) - 5)/((-1)/(-4)). Calculate the highest common divisor of 1 and p.
1
Let t be ((-3)/(-6))/(2/48). Let r be 0 + 37 - (6 + -9). Suppose 3*s = r - 4. Calculate the greatest common factor of s and t.
12
Let u be (-16)/(-6) - 2/3. Suppose -u*w + 35 + 5 = 0. Suppose 0 = -16*p + 12*p + 560. Calculate the highest common divisor of p and w.
20
Let d = -5 - -3. Let a be (0 - -6)/d + 3. Suppose a = -2*x